4 (base 14) to base 10.
-4
What is -3 (base 14) in base 4?
-3
Convert -17 (base 11) to base 7.
-24
Convert -2 (base 8) to base 12.
-2
196 (base 16) to base 6
1514
-1 (base 8) to base 11
-1
What is 1 (base 15) in base 7?
1
What is -5 (base 12) in base 6?
-5
Convert 0 (base 2) to base 9.
0
What is 265 (base 7) in base 13?
b2
212 (base 3) to base 11
21
Convert -616 (base 7) to base 10.
-307
-12 (base 4) to base 3
-20
Convert -633 (base 7) to base 9.
-383
Convert 1100010 (base 2) to base 10.
98
10110 (base 2) to base 5
42
-46 (base 7) to base 8
-42
283 (base 9) to base 6
1033
What is -2 (base 5) in base 6?
-2
What is -1011 (base 3) in base 7?
-43
What is -11 (base 2) in base 4?
-3
-4f (base 16) to base 4
-1033
4 (base 5) to base 7
4
What is 22 (base 7) in base 14?
12
What is 0 (base 8) in base 16?
0
-22 (base 6) to base 2
-1110
Convert 1 (base 16) to base 8.
1
Convert -5 (base 11) to base 12.
-5
-2 (base 7) to base 8
-2
Convert -105 (base 11) to base 10.
-126
54 (base 11) to base 2
111011
What is b (base 15) in base 7?
14
-129 (base 14) to base 13
-14c
Convert -13 (base 11) to base 7.
-20
What is -23 (base 12) in base 14?
-1d
-3 (base 16) to base 5
-3
Convert -1402 (base 6) to base 12.
-262
Convert -b5 (base 13) to base 2.
-10010100
29 (base 12) to base 13
27
-2a (base 12) to base 13
-28
What is 1000 (base 4) in base 2?
1000000
Convert -10 (base 4) to base 13.
-4
Convert -321 (base 4) to base 15.
-3c
What is -a (base 11) in base 5?
-20
-103 (base 12) to base 4
-2103
Convert 16 (base 9) to base 6.
23
3 (base 16) to base 3
10
Convert 4 (base 11) to base 10.
4
What is -1 (base 2) in base 4?
-1
Convert 20102 (base 3) to base 5.
1143
Convert -3 (base 7) to base 15.
-3
What is 1 (base 13) in base 3?
1
Convert -1 (base 5) to base 3.
-1
Convert 121 (base 4) to base 7.
34
-30 (base 9) to base 5
-102
What is 45 (base 12) in base 14?
3b
What is -31 (base 4) in base 16?
-d
Convert -2 (base 5) to base 10.
-2
What is -4a (base 11) in base 14?
-3c
What is -10011 (base 2) in base 10?
-19
87 (base 16) to base 9
160
Convert 4 (base 15) to base 7.
4
What is -113 (base 4) in base 2?
-10111
What is 542 (base 6) in base 3?
21122
What is 1 (base 10) in base 5?
1
-43 (base 7) to base 2
-11111
15 (base 14) to base 4
103
What is -10000 (base 2) in base 10?
-16
Convert 43 (base 7) to base 12.
27
What is 132 (base 9) in base 2?
1101110
1 (base 5) to base 13
1
Convert 10010 (base 2) to base 12.
16
Convert -21 (base 4) to base 14.
-9
Convert -1a (base 14) to base 4.
-120
-17 (base 15) to base 5
-42
What is 2 (base 12) in base 16?
2
Convert 3 (base 14) to base 12.
3
What is ab (base 16) in base 10?
171
What is -1 (base 3) in base 16?
-1
3 (base 14) to base 6
3
What is -111 (base 2) in base 10?
-7
Convert -4 (base 13) to base 14.
-4
1d (base 14) to base 7
36
What is -11 (base 4) in base 5?
-10
49 (base 11) to base 12
45
What is a (base 12) in base 7?
13
-55 (base 15) to base 9
-88
401 (base 6) to base 14
a5
Convert -32 (base 4) to base 2.
-1110
What is -55 (base 9) in base 16?
-32
What is 4 (base 13) in base 4?
10
-10 (base 6) to base 2
-110
Convert -35 (base 11) to base 9.
-42
Convert -21 (base 3) to base 12.
-7
Convert 1 (base 3) to base 11.
1
What is -3 (base 11) in base 5?
-3
Convert 3 (base 14) to base 2.
11
Convert 130 (base 11) to base 15.
a4
0 (base 13) to base 11
0
Convert -11 (base 10) to base 9.
-12
What is b (base 12) in base 14?
b
What is -71 (base 12) in base 15?
-5a
What is 3 (base 10) in base 14?
3
What is -5 (base 10) in base 6?
-5
-3 (base 7) to base 8
-3
What is 10 (base 12) in base 14?
c
What is 100 (base 11) in base 7?
232
1211 (base 3) to base 12
41
3 (base 11) to base 7
3
5d (base 14) to base 10
83
3 (base 5) to base 15
3
Convert b (base 15) to base 7.
14
Convert -33 (base 15) to base 9.
-53
Convert 23 (base 4) to base 2.
1011
2 (base 7) to base 9
2
-50 (base 7) to base 4
-203
-1 (base 14) to base 8
-1
5 (base 6) to base 10
5
What is -1 (base 10) in base 2?
-1
Convert 10 (base 4) to base 16.
4
Convert 14 (base 7) to base 6.
15
What is 12 (base 8) in base 16?
a
What is -105 (base 7) in base 15?
-39
2301 (base 5) to base 16
146
-17 (base 16) to base 6
-35
Convert -54 (base 13) to base 5.
-234
Convert -2 (base 5) to base 14.
-2
-102 (base 4) to base 9
-20
-22 (base 4) to base 6
-14
64 (base 13) to base 7
145
54 (base 13) to base 14
4d
34 (base 10) to base 14
26
Convert a8 (base 11) to base 5.
433
What is -2033 (base 4) in base 16?
-8f
What is 24 (base 12) in base 10?
28
Convert 10 (base 4) to base 8.
4
Convert -121 (base 3) to base 7.
-22
What is -100 (base 6) in base 9?
-40
Convert -43 (base 5) to base 8.
-27
-c (base 15) to base 10
-12
Convert 66 (base 11) to base 4.
1020
What is 31 (base 7) in base 5?
42
What is 87 (base 13) in base 4?
1233
-2c (base 14) to base 16
-28
What is -1 (base 4) in base 11?
-1
-2 (base 7) to base 14
-2
4 (base 15) to base 3
11
Convert 0 (base 13) to base 2.
0
-db (base 14) to base 9
-234
-5 (base 11) to base 13
-5
What is -1322 (base 4) in base 13?
-95
ce (base 15) to base 4
3002
Convert 2 (base 3) to base 14.
2
What is 202 (base 3) in base 15?
15
Convert 2 (base 4) to base 2.
10
What is 202 (base 3) in base 11?
19
Convert -93 (base 11) to base 2.
-1100110
-c (base 15) to base 10
-12
Convert 0 (base 14) to base 6.
0
2 (base 10) to base 9
2
1 (base 6) to base 4
1
Convert -131 (base 4) to base 10.
-29
What is 2 (base 15) in base 8?
2
13 (base 14) to base 7
23
What is -1 (base 14) in base 10?
-1
What is -2 (base 9) in base 10?
-2
Convert -344 (base 5) to base 14.
-71
What is -9 (base 12) in base 13?
-9
What is -1001 (base 2) in base 5?
-14
-2b (base 14) to base 15
-29
What is -5 (base 12) in base 16?
-5
What is -14 (base 13) in base 12?
-15
What is 10001 (base 2) in base 4?
101
Convert 4 (base 12) to base 2.
100
Convert 172 (base 9) to base 5.
1041
Convert 51 (base 8) to base 2.
101001
31 (base 16) to base 2
110001
44 (base 7) to base 13
26
What is -65 (base 7) in base 4?
-233
Convert -2 (base 8) to base 6.
-2
-21 (base 6) to base 5
-23
Convert -2021 (base 4) to base 5.
-1022
What is -1 (base 6) in base 12?
-1
What is 5f (base 16) in base 2?
1011111
Convert 20 (base 6) to base 4.
30
Convert 5 (base 8) to base 10.
5
-24 (base 7) to base 4
-102
Convert 0 (base 5) to base 11.
0
-3 (base 16) to base 5
-3
73 (base 9) to base 13
51
What is -4 (base 9) in base 12?
-4
Convert 11000001 (base 2) to base 13.
11b
Convert 8 (base 13) to base 5.
13
Convert 121 (base 4) to base 11.
23
14b (base 12) to base 2
11001011
22200 (base 3) to base 6
1030
-1000 (base 2) to base 5
-13
What is -41 (base 6) in base 5?
-100
Convert 24 (base 7) to base 4.
102
What is 13 (base 4) in base 11?
7
10 (base 14) to base 6
22
10 (base 2) to base 10
2
What is 33 (base 11) in base 7?
51
-2 (base 12) to base 15
-2
What is -1 (base 6) in base 12?
-1
204 (base 7) to base 13
7b
11 (base 15) to base 3
121
-100001100 (base 2) to base 13
-178
-6 (base 7) to base 15
-6
Convert -1 (base 2) to base 12.
-1
What is -4 (base 13) in base 9?
-4
Convert 1100 (base 5) to base 10.
150
Convert -10022 (base 3) to base 10.
-89
-11100 (base 2) to base 14
-20
Convert 13 (base 13) to base 7.
22
0 (base 7) to base 8
0
Convert -44 (base 6) to base 7.
-40
2012 (base 3) to base 13
47
Convert 5 (base 11) to base 9.
5
14 (base 16) to base 10
20
-54 (base 6) to base 4
-202
What is 335 (base 9) in base 4?
10103
Convert 4 (base 5) to base 7.
4
1100 (base 2) to base 3
110
Convert -4 (base 15) to base 5.
-4
-104 (base 5) to base 11
-27
9 (base 15) to base 7
12
Convert -16 (base 16) to base 6.
-34
-111 (base 2) to base 12
-7
68 (base 14) to base 6
232
What is 331 (base 5) in base 10?
91
Convert -33 (base 8) to base 15.
-1c
What is -343 (base 8) in base 9?
-272
What is 11 (base 2) in base 15?
3
What is -3 (base 16) in base 15?
-3
What is -22 (base 10) in base 2?
-10110
-1 (base 6) to base 16
-1
What is 5 (base 14) in base 9?
5
What is 29 (base 10) in base 8?
35
What is -1010 (base 2) in base 9?
-11
-3 (base 12) to base 9
-3
Convert 2 (base 14) to base 11.
2
123 (base 10) to base 12
a3
Convert 6 (base 15) to base 3.
20
179 (base 11) to base 4
3033
What is -1 (base 10) in base 15?
-1
What is -2 (base 7) in base 4?
-2
What is 29 (base 15) in base 7?
54
Convert -1 (base 3) to base 10.
-1
Convert -210 (base